{"id":4,"date":"2007-10-27T23:47:56","date_gmt":"2007-10-27T21:47:56","guid":{"rendered":"http:\/\/www.juhospiroska.hu\/wpp\/?page_id=4"},"modified":"2008-02-24T16:53:32","modified_gmt":"2008-02-24T14:53:32","slug":"szakmai-oneletrajz","status":"publish","type":"page","link":"http:\/\/www.juhospiroska.hu\/?page_id=4","title":{"rendered":"Szakmai \u00f6n\u00e9letrajz"},"content":{"rendered":"<p align=\"justify\">Az \u00e1ltal\u00e1nos iskola elv\u00e9gz\u00e9se ut\u00e1n a budapesti Varga Katalin le\u00e1nygimn\u00e1ziumban \u00e9retts\u00e9giztem 1964-ben. M\u00e9g ebben az \u00e9vben felv\u00e9telt nyertem a Semmelweis Orvostudom\u00e1nyi Egyetem \u00c1ltal\u00e1nos Orvostudom\u00e1nyi Kar\u00e1ra, ahol 1970-ben szereztem diplom\u00e1t cum laude min\u0151s\u00edt\u00e9ssel.<br \/>\n1970. okt\u00f3ber\u00e9t\u0151l a SOTE I. sz. Szemklinik\u00e1j\u00e1n klinikai gyakornokk\u00e9nt, majd 1972-t\u0151l egyetemi tan\u00e1rseg\u00e9dk\u00e9nt dolgoztam. Szem\u00e9szetb\u0151l 1976-ban tettem szakvizsg\u00e1t jeles eredm\u00e9nnyel. 1986-ban egyetemi adjunktusnak neveztek ki. A Szemklinik\u00e1n elt\u00f6lt\u00f6tt  \u00e9vek sor\u00e1n a szem\u00e9szet minden ter\u00fclet\u00e9n j\u00e1rtass\u00e1got szereztem, f\u0151 \u00e9rdekl\u0151d\u00e9si ter\u00fcletem azonban a gyermekszem\u00e9szet volt. 1976-t\u00f3l a klinika gyermekrendel\u00e9s\u00e9t vezettem, a SOTE I. sz. Gyermekklinik\u00e1j\u00e1nak szem\u00e9szeti konzili\u00e1riusa lettem. Konzili\u00e1riusk\u00e9nt a SOTE II. N\u0151gy\u00f3gy\u00e1szati Klinik\u00e1j\u00e1n l\u00e9v\u0151 Perinat\u00e1lis Intenz\u00edv Centrum\u00e1nak \u00e9s a K\u00f6zponti Katonai K\u00f3rh\u00e1z Gyermekoszt\u00e1ly\u00e1nak munk\u00e1j\u00e1ban is r\u00e9szt vettem. Sz\u00e1mos tudom\u00e1nyos el\u0151ad\u00e1st tartottam k\u00fcl\u00f6nb\u00f6z\u0151 hazai f\u00f3rumokon, k\u00f6zlem\u00e9nyeim hazai \u00e9s k\u00fclf\u00f6ldi szaklapokban jelentek meg els\u0151sorban gyermekszem\u00e9szeti t\u00e9mak\u00f6r\u00f6kben.<br \/>\n1991-ben kinevez\u00e9st nyertem a Heim P\u00e1l Gyermekk\u00f3rh\u00e1z Szem\u00e9szeti oszt\u00e1ly\u00e1nak \u00e9l\u00e9re. Feladatom az akkor indult 10 \u00e1gyas fekv\u0151beteg oszt\u00e1ly megszervez\u00e9se, felszerel\u00e9se, beind\u00edt\u00e1sa volt. Oszt\u00e1lyunk els\u0151sorban m\u0171t\u00e9tek v\u00e9gz\u00e9s\u00e9t t\u0171zte ki c\u00e9lul, de a nem m\u0171t\u00e9ti esetek  kivizsg\u00e1l\u00e1s\u00e1t \u00e9s kezel\u00e9s\u00e9t, s\u00e9r\u00fcltek ell\u00e1t\u00e1s\u00e1t is v\u00e1llaltuk. Nagy forgalm\u00fa ambulanci\u00e1nkon j\u00e1r\u00f3beteg ell\u00e1t\u00e1s keret\u00e9ben gondoztuk p\u00e1cienseinket. Oszt\u00e1lyunk speci\u00e1lis ell\u00e1t\u00e1st biztos\u00edtott kancsals\u00e1g m\u0171t\u00e9ti korrekci\u00f3ja, a k\u00f6nnycsatorna velesz\u00fcletett elz\u00e1r\u00f3d\u00e1sa, a szemh\u00e9jak plasztikai m\u0171t\u00e9tei sor\u00e1n, foglalkoztunk a rejtett kancsals\u00e1g polateszttel t\u00f6rt\u00e9n\u0151 vizsg\u00e1lat\u00e1val, \u00e9s has\u00e1bos kezel\u00e9s\u00e9vel is.<br \/>\nAz oszt\u00e1lyvezet\u0151i f\u0151orvosi beoszt\u00e1sb\u00f3l 2007. okt\u00f3ber 1-t\u0151l nyugd\u00edjba mentem, mag\u00e1nrendel\u0151mben azonban tov\u00e1bb folytatom szakmai tev\u00e9kenys\u00e9gemet, eddigi gondozottjaimat \u00e9s az \u00faj p\u00e1cienseket v\u00e1rom minden p\u00e9ntek d\u00e9lut\u00e1n 14 \u00e9s 17 \u00f3ra k\u00f6z\u00f6tt el\u0151zetes telefonbejelentkez\u00e9s ut\u00e1n a II. ker\u00fclet Kap\u00e1s u. 26-44. sz\u00e1m alatti rendel\u0151mben. Id\u0151pontk\u00e9r\u00e9s az (1) 201-5235-\u00f6s telefonsz\u00e1mon 10 \u00e9s 18 \u00f3ra k\u00f6z\u00f6tt.<\/p>\n","protected":false},"excerpt":{"rendered":"<p>Az \u00e1ltal\u00e1nos iskola elv\u00e9gz\u00e9se ut\u00e1n a budapesti Varga Katalin le\u00e1nygimn\u00e1ziumban \u00e9retts\u00e9giztem 1964-ben. M\u00e9g ebben az \u00e9vben felv\u00e9telt nyertem a Semmelweis Orvostudom\u00e1nyi Egyetem \u00c1ltal\u00e1nos Orvostudom\u00e1nyi Kar\u00e1ra, ahol 1970-ben szereztem diplom\u00e1t cum laude min\u0151s\u00edt\u00e9ssel. 1970. okt\u00f3ber\u00e9t\u0151l a SOTE I. sz. Szemklinik\u00e1j\u00e1n klinikai gyakornokk\u00e9nt, majd 1972-t\u0151l egyetemi tan\u00e1rseg\u00e9dk\u00e9nt dolgoztam. Szem\u00e9szetb\u0151l 1976-ban tettem szakvizsg\u00e1t jeles eredm\u00e9nnyel. 1986-ban egyetemi adjunktusnak [&hellip;]<\/p>\n","protected":false},"author":3,"featured_media":0,"parent":0,"menu_order":0,"comment_status":"closed","ping_status":"closed","template":"","meta":{"footnotes":""},"_links":{"self":[{"href":"http:\/\/www.juhospiroska.hu\/index.php?rest_route=\/wp\/v2\/pages\/4"}],"collection":[{"href":"http:\/\/www.juhospiroska.hu\/index.php?rest_route=\/wp\/v2\/pages"}],"about":[{"href":"http:\/\/www.juhospiroska.hu\/index.php?rest_route=\/wp\/v2\/types\/page"}],"author":[{"embeddable":true,"href":"http:\/\/www.juhospiroska.hu\/index.php?rest_route=\/wp\/v2\/users\/3"}],"replies":[{"embeddable":true,"href":"http:\/\/www.juhospiroska.hu\/index.php?rest_route=%2Fwp%2Fv2%2Fcomments&post=4"}],"version-history":[{"count":1,"href":"http:\/\/www.juhospiroska.hu\/index.php?rest_route=\/wp\/v2\/pages\/4\/revisions"}],"predecessor-version":[{"id":164,"href":"http:\/\/www.juhospiroska.hu\/index.php?rest_route=\/wp\/v2\/pages\/4\/revisions\/164"}],"wp:attachment":[{"href":"http:\/\/www.juhospiroska.hu\/index.php?rest_route=%2Fwp%2Fv2%2Fmedia&parent=4"}],"curies":[{"name":"wp","href":"https:\/\/api.w.org\/{rel}","templated":true}]}}